 prime factors of o?
2, 5, 13
Suppose -9605 = -h - 3*t + 3673, -5*t - 13238 = -h. List the prime factors of h.
3, 4421
Suppose 19737 = -1232*i + 1241*i. List the prime factors of i.
3, 17, 43
Suppose -3*v + 5*u + 16 = -0*v, -2*u = -5*v + 52. Let w(z) = 46 - 2*z - 62 - v*z. List the prime factors of w(-5).
2, 3
Let m = -517 - -967. Suppose -y + 102 = -4*g - 123, -2*y - 2*g + m = 0. List the prime factors of y.
3, 5
Let l(m) = 1538*m**2 - 137*m - 626. What are the prime factors of l(-5)?
97, 397
Let c(f) = 2*f + 6. Let z be c(0). Suppose -3*q + z*q = 870. Suppose 3*n + 2*n = -3*x + q, -2*x = 3*n - 175. What are the prime factors of n?
5, 11
Let i = -568 - -584. What are the prime factors of 122/(60/32 - (-2)/i)?
61
Suppose -6*q + 221 = -43. Let k = q - 42. Suppose -587 = -5*l - 4*m, -3*m - k*m + 585 = 5*l. What are the prime factors of l?
7, 17
Let k = -8146 - -14987. List the prime factors of k.
6841
Suppose 84*y + 68*y - 272232 = 0. What are the prime factors of y?
3, 199
Suppose -q + 4 = 0, 4*q - 1 - 5 = -2*t. Let i be 14/t - (-5)/(-25). What are the prime factors of (i + 4 + 3)/(6/123)?
2, 41
Suppose -4*n + k - 76 = 0, -n - 4*k - 16 = 20. List the prime factors of 3/((-42)/n)*56.
2, 5
Let r(x) = -50 - 80*x + 190 + 89*x. List the prime factors of r(27).
383
Suppose -362*m - 855517 + 3411576 = -109*m. List the prime factors of m.
10103
Let n(j) = -j**3 - 7*j**2 + 5*j - 15. Let c(g) = -6*g + 34. Suppose 0 = u - 4*y + 5, 0 = 3*y - 0*y - 9. Let o be c(u). List the prime factors of n(o).
3
Suppose -2*r + 0*s + 48278 = -2*s, -4*s + 120641 = 5*r. What are the prime factors of r?
24133
What are the prime factors of (5/(25/10))/(0 - 20/(-97390))?
9739
Let q = 71329 - 50009. List the prime factors of q.
2, 5, 13, 41
Let y = -19 - -27. Suppose -3*t - 52 = 2*a, -3*t - 48 = 5*a - y. What are the prime factors of (136/20)/((-2)/t)?
2, 17
Let x be (18/12)/(-3)*-22. Let u(y) = -y**3 + 4*y**2 - y - 1. Let i be u(3). Let j = i + x. List the prime factors of j.
2
Suppose 4*t - 31777 = -5*g + 21579, 5*t + 42693 = 4*g. What are the prime factors of g?
2, 23, 29
Suppose h + 2*i = 19301 - 6014, -i + 26589 = 2*h. What are the prime factors of h?
13297
What are the prime factors of ((-9)/6)/(57/(-228152))?
2, 19, 79
Let r = 534 - 528. Suppose 3*i = 5*a + 1306, 2*i - r*i = 3*a - 1722. What are the prime factors of i?
2, 3
Suppose 9*r - 8*r - 5*c = 481, -c = r - 511. Suppose -r = 6*u - 2354. What are the prime factors of u?
2, 7, 11
List the prime factors of 9 - (430/3)/(14/(-714)).
13, 563
Let w(r) = 17*r**2 + 6*r - 2. Let l(a) = 6*a + 19. Let j be l(-3). Let u be -3*j*(-8 - -9) + 0. List the prime factors of w(u).
7, 19
Let w(d) = -313*d + 37. List the prime factors of w(-69).
2, 29, 373
Suppose -200*c = -7924759 + 1634759. What are the prime factors of c?
2, 5, 17, 37
Let c = 47 + -45. What are the prime factors of (3 - c)/(3*(-2)/(-906))?
151
Suppose -3*q + 3*u - 298 = -2*u, 0 = 5*q - 5*u + 490. Let m = q - -113. What are the prime factors of m?
17
Let q(v) be the second derivative of -9*v**5/5 - v**4/6 - v**3/3 + v**2/2 - 11*v. Let h be q(-2). Let m = 497 - h. What are the prime factors of m?
2, 53
Let t(x) be the second derivative of -x**5/20 - 3*x**4/2 - 10*x**3/3 + 3*x**2/2 + 36*x - 1. What are the prime factors of t(-18)?
3, 11
List the prime factors of 1347*(-8 - -5)*-2.
2, 3, 449
Let f(x) = -x**3 + 15*x**2 - 10*x + 3. Let i be f(13). Suppose -2*j + 5*j = c + 128, 3*j + 3*c = 144. Let t = i - j. List the prime factors of t.
167
Let l(m) = 5*m + 54. Let z be l(0). Let f(h) = -59*h + 88*h + 3 - z*h. What are the prime factors of f(-2)?
53
Let k be (642 - 14) + (0 - (-1 - -6)). Let u = 2565 - k. What are the prime factors of u?
2, 971
Suppose 0 = 4*m + 3*w - 36585, -121*m = -116*m - 4*w - 45708. List the prime factors of m.
2, 3, 127
Let h(d) = -2*d**3 - 6*d**2 + 2*d - 6. Let i be h(-4). Suppose -i*b = -14*b - 3052. What are the prime factors of b?
7, 109
Suppose k - 2244 = 2*y, -2*y = k + 3*k - 8996. What are the prime factors of k?
2, 281
Let h = 285 + -241. Suppose -h*l - 13 = -47*l - 2*x, -x + 9 = 2*l. What are the prime factors of l?
5
Suppose -3*s - 2*n + 8692 = 0, s + n + 1215 - 4112 = 0. Suppose -2*o + 5*l + 1460 = 0, -26*l - s = -4*o - 27*l. What are the prime factors of o?
5, 29
Let b be (-278)/4 - (-15)/(-30). List the prime factors of 8935*(-4)/b + 6/14.
7, 73
Let v = -2 - -27. Let y = v + -21. Suppose -y*g = 6*g - 970. What are the prime factors of g?
97
List the prime factors of (-1)/((11 + -18)/129976).
2, 11, 211
Suppose 0 = m - 2*a - 1225, -2*m + a + 3690 = m. Let k = m - 696. What are the prime factors of k?
5, 107
Suppose -4*q = -3*k + 64985, 2*q = -61 + 51. List the prime factors of k.
5, 61, 71
Suppose 8 = -3*v - y + 30, -3*y = -v + 14. Suppose -n - 5 = -v. What are the prime factors of 6/(-4)*61*(-4)/n?
2, 61
Let w = 110 - 106. Let f be 4/(-3)*(-54)/36. List the prime factors of (w/f)/((-28)/(-266)).
19
Suppose 4*w = 2*o - 828, -5*w + 5*o = -w + 828. Let k = -170 - w. List the prime factors of k.
37
Let c = -3680 + 6247. Suppose -10*r + c = -33. Let h = r + -180. What are the prime factors of h?
2, 5
Let a(x) = -4*x**2 - 12*x - 33 - 16 + 36. Let k be a(-7). Let g = 220 + k. What are the prime factors of g?
5, 19
Let f = -185 + 189. Suppose -c = 5*n - 2251, f*n - 4*c - 648 - 1148 = 0. What are the prime factors of n?
2, 3, 5
Suppose -102*b + 39546 = -93*b. List the prime factors of b.
2, 13
Let s be (-49)/(-14) - (-2)/4. Suppose 0 = s*n + 203 + 89. Let m = n + 106. List the prime factors of m.
3, 11
Let i(b) = b**2 + 7*b + 7. Let z be i(-7). List the prime factors of z + -8 + (1 - -310).
2, 5, 31
What are the prime factors of (-6 - 785412/(-90)) + ((-12)/15 - -1)?
3, 17, 19
Suppose 0 = -2*h + 4*l + 9412 + 37250, -4*l - 116643 = -5*h. What are the prime factors of h?
23327
Let f be (-11)/(-2)*(-149 - (-21)/7). Let o = -506 - f. List the prime factors of o.
3, 11
Let a(y) be the third derivative of 17*y**6/120 - y**4/12 + y**3/6 + 8*y**2. Let i be a(1). List the prime factors of (18 - i)/(2/4).
2
Let z(t) = t**2 - 12*t + 6. Let i be z(7). Let d = i - -29. Suppose 3*q - 4*q + 3*c = -187, -2*c - 2 = d. List the prime factors of q.
2, 23
Let v(a) = 2*a**3 + 140*a**2 - 386*a - 65. What are the prime factors of v(-67)?
3, 7, 31
Let g(t) = 244*t**2 + 41*t + 275. List the prime factors of g(-8).
79, 197
Suppose 0 = -0*k - 2*k + 8. Suppose 10*r - 80 = -6*r. Suppose -4*c + 280 = 4*j, 8*c + k*j - 213 = r*c. What are the prime factors of c?
67
Let l be 1/(4 - 2885/720). What are the prime factors of (6 - 3 - l) + 1?
2, 37
Let z be -2 + (-28)/(-11) - (-73248)/264. Suppose 0 = 18*u - 21*u + 6, -z = -x + 4*u. What are the prime factors of x?
2, 11, 13
Suppose 946 + 572 = -3*r. Let m = 754 + r. List the prime factors of m.
2, 31
Let y = -1035 + 3110. List the prime factors of y.
5, 83
Let w be -1 - -2 - (1 - -84). Suppose -76*t = 195*t - 41*t - 21390. Let p = t + w. List the prime factors of p.
3
Let n(f) = -4*f + 23. Let z be n(4). Suppose z*b - 1476 = 3*b. What are the prime factors of b?
3, 41
Suppose 21867 + 4697 = n + 4*a, -53183 = -2*n + 3*a. What are the prime factors of n?
2, 3323
Let y(r) = 8*r**3 + 4*r**2 + 11*r - 103. What are the prime factors of y(5)?
2, 263
Let w be -5 + 1 + 7 + -1. Suppose -4*c + 16 = -2*u, 0*c + c + w*u = 14. What are the prime factors of (-1*26)/(c/(-6))?
2, 13
Suppose 4*k = 9*k - 165. Suppose 0 = -k*y + 14*y + 4712. List the prime factors of y.
2, 31
Let p be 507990/492 - 1*(-1)/2. Let t = p - -36. What are the prime factors of t?
1069
Suppose 647*n = 595*n + 52. Let d(a) = -76*a**3 + 5*a**2 + 6*a + 5. Let i(q) = -q**3 + q**2 + q + 1. Let x(o) = -d(o) + 5*i(o). List the prime factors of x(n).
2, 5, 7
Suppose -11*x = -15*x - 300. Let w = x - -77. Suppose -12 = -4*i, 4*o + 0*i + w*i - 94 = 0. What are the prime factors of o?
2, 11
Let u(m) = 6*m**3 - 15*m**2 + 25*m + 69. List the prime factors of u(13).
61, 181
Let u(t) = 4*t**2 - 6*t - 14. Let f(s) = 3*s - 42. Let i be ((-1)/(-2))/(1/(-72)*-3). Let j be f(i). List the prime factors of u(j).
2, 83
Suppose -5*i = -5*a + 196560, a - 4*i - 45883 + 6547 = 0. List the prime factors of a.
2, 17
List the prime factors of (-2)/22*(-69891 - -8).
6353
Suppose -5*b = 2*b. Let n = b